q(g). Let l(v) = v**2 + v + 3. Give l(r).
15
Let r(a) = -2*a - 11. Let y be r(-9). Suppose 5*n = -3 - y. Let l(s) = 3*s - 2. Calculate l(n).
-8
Let t(l) = 7*l - 13. Let i(f) = -15*f + 27. Let c(d) = -4*i(d) - 9*t(d). Suppose 115*u - 68 - 829 = 23. What is c(u)?
-15
Let z be (3/(-1) - -51)/((-2)/(-2)). Let t = -46 + z. Let w(b) = -b**3 + 3*b - 3. Give w(t).
-5
Let y(d) be the second derivative of -d**6/720 - 5*d**4/12 - 12*d. Let n(h) be the third derivative of y(h). Determine n(5).
-5
Let v be (4/14 + (-8)/14)*7. Let w(u) be the third derivative of u**6/40 - u**5/30 - u**4/6 - u**3/2 + 6*u**2. What is w(v)?
-27
Let b(j) = 3 - 8*j + 0*j**2 - 3*j**2 - 3*j**2 + 4*j**2. Let p(l) = -l**2 - 7*l + 3. Let k(z) = -2*b(z) + 3*p(z). What is k(3)?
-3
Let a(h) = 23*h + 6. Let f be a(-2). Let g = 35 + f. Let n(t) = t**2 + 6*t + 7. Calculate n(g).
2
Let b be (-2 + -1)/((-6)/4). Let j(t) = -11*t**3 + b*t**3 + 1 - 2*t**3. Let f be (-1 - (-3 - -3)) + 2. Give j(f).
-10
Suppose -1 = 4*y - 0*j + j, 0 = -5*y - 2*j - 2. Let v(f) = y + 12*f - 1 + 0 + 0. Calculate v(2).
23
Let z(i) be the first derivative of -2*i**3/3 - i**2/2 + 3*i + 18. What is z(-2)?
-3
Let h(z) = -z - 13. Let o(r) = 4. Let y(g) = -3*h(g) - 8*o(g). Give y(-3).
-2
Let x(c) = 7 - 7 + 8 + 3 - 3*c. Calculate x(-6).
29
Let y be (-3 - -7)/((10/5)/2). Let q(b) be the first derivative of b**4/4 - 5*b**3/3 + 2*b**2 + 1. What is q(y)?
0
Let x(v) be the first derivative of -3*v**2/2 + 5*v + 1. What is x(5)?
-10
Let i(m) = -m**3 - m**2 + m + 17. Let a = 13 - 6. Suppose -b = -a*b. Determine i(b).
17
Suppose -p - 3*p + 223 = 3*t, 0 = 5*t + 5*p - 375. Let z be (22/t)/((-2)/28). Let g(i) = i**2 + 7*i + 5. Calculate g(z).
-7
Let t(s) = -5*s + 1. Let x(w) = -w**3 + 7*w**2 + w - 3. Let p be x(7). Let o(q) = 5*q - 1. Let n(k) = p*o(k) + 5*t(k). Determine n(3).
-14
Suppose 0 = -v + 5*v - 12. Let w(c) = 3*c**2 + 4*c - 6. Let l(n) = 4*n**2 + 8*n - 7. Let a(d) = -2*l(d) + 3*w(d). What is a(v)?
-7
Let u(y) = y. Let q(k) = -3*k - 7. Let d(r) = -q(r) - 2*u(r). Suppose 0 = 95720*a - 95717*a + 21. What is d(a)?
0
Suppose -3*h + 3*s = -12, 2*s = 2*h - h - 6. Let y be (6/h - (1 + 1)) + 6. Let p(b) = b**2 - 8*b + 6. Calculate p(y).
-1
Suppose -2*i - 2*y - y = -13, 5*i = 3*y + 22. Let l(v) = 2 - 3*v**2 + 10*v**2 + 1 + v**3 + 2 + i*v. Let s be ((-12)/14)/((-2)/(-14)). What is l(s)?
11
Suppose -130 = -9*j + 5. Suppose 0 = -13*m + j*m + 4. Let a(g) = -g**2 + 0 - 4 + 3. Determine a(m).
-5
Let o(m) = -8*m - 3*m + 15*m + 7. Let p(l) = 3*l + 5. Let f(i) = -5*o(i) + 6*p(i). What is f(-4)?
3
Let a(j) = j**3 + 6*j**2 + 8*j + 5. Suppose -4*s - 1 = 11, 2*x + 5*s = 37. Suppose 8*t + 31 = 3*t - 2*n, -4*t - 2*n = x. Determine a(t).
-10
Let u(v) = v - 1. Suppose 0 = x + 5*g - 13, 0 = 3*x + 8*g - 5*g + 9. Determine u(x).
-8
Let b(z) = -3*z**3. Let l(a) = -a + 3. Let n be 9*(0 + -2 + 3). Let c be l(n). Let k = -5 - c. Give b(k).
-3
Let q(d) = d**3 + d**2 + 5*d - 4. Let n(t) = 231*t - 236*t + 0 - t**3 + 4. Let u(c) = -4*n(c) - 5*q(c). Determine u(-4).
8
Let q(k) = k**2 + 8*k - 2. Let s(x) = -2*x**2 - x + 6. Let b be s(-3). Calculate q(b).
7
Suppose -3*i + i = -4*i. Let n(g) be the third derivative of -g**5/60 - 5*g**3/3 + 5*g**2. What is n(i)?
-10
Let d(r) = r + 1. Let k = -166 - -165. What is d(k)?
0
Let r(y) be the third derivative of -y**5/30 + 11*y**4/24 + 3*y**3/2 - 18*y**2. Let t(h) = h**2 - 5*h - 4. Let x(n) = -4*r(n) - 7*t(n). What is x(9)?
-8
Let d(h) = -14*h + 1 - h**2 + 32*h - 14*h - 10*h. Determine d(-6).
1
Let d(k) = k**3 - 8*k**2 + 9*k + 8. Let t = -172 + 179. Calculate d(t).
22
Suppose -5*d = -2*p - 0*p - 41, -3*p - 39 = -5*d. Let w(l) = -l - 17 + d + 7. Give w(9).
-10
Let n(m) = m**2 - 1. Suppose -32*v + 23*v = 18. Give n(v).
3
Let w(a) = 3*a**2 + 15*a - 18. Let z be w(-6). Suppose 4*b - 1 = b - 4*p, -5*p + 5 = 5*b. Let l(i) = -2 + b*i**2 + 8*i + z - 6*i. Determine l(-2).
6
Let h(u) be the second derivative of -7*u**3/6 - u**2 + 4*u + 13. Determine h(-3).
19
Let u(r) = r**2 + r - 1. Let h(g) = 2*g**2 - 4*g + 1. Let x(t) = -h(t) + u(t). Suppose -6*q = -7*q + 8. Let l be q/36 - (-102)/27. Calculate x(l).
2
Let w(x) be the second derivative of 1/2*x**2 - 6*x - 3 - 1/6*x**3. Suppose -r + 2 = 1. What is w(r)?
0
Let t(z) be the second derivative of z**5/20 + 5*z**4/12 + z**3/2 - 2*z**2 - 5*z + 2. Suppose 4*n + 4*n + 32 = 0. Give t(n).
0
Let y(b) = -25*b - 2 + 2*b**2 + 3*b**3 + 24*b + b. Let a(v) = -5*v**3 - 5*v**2 + 5. Let d(t) = 3*a(t) + 7*y(t). What is d(-1)?
-6
Let f(s) = s**2 + 4*s. Let w be f(-5). Let d(c) be the second derivative of -c**5/20 + c**4/3 + 5*c**3/6 - 7*c**2/2 - 3*c - 2. What is d(w)?
-7
Let g(n) be the first derivative of -n**4/4 - n**3/3 - n**2/2 - 12*n - 1. Let r = 1713 + -1713. Determine g(r).
-12
Suppose 0 = -4*z - 1 - 7. Let u = -4 - z. Let q(r) be the second derivative of -r**4/4 - r**2/2 + 11*r. Determine q(u).
-13
Let a(v) = 2 - 2150*v**2 + 2151*v**2 + v - v**3 - 1. Let u(m) = -2*m**3 - 6*m**2 - 3*m + 2. Let b(p) = a(p) - u(p). What is b(-3)?
23
Let q be (10/(-4) - -4)/(3/6). Let z(w) = 4*w**2 + 3*w**3 + 4 - 2*w**q + 8*w - 5*w - 6*w. What is z(-5)?
-6
Let d(f) be the second derivative of -f**6/120 - f**5/60 + f**4/24 - 5*f**3/6 - 15*f**2/2 + 18*f. Let o(n) be the first derivative of d(n). Give o(0).
-5
Suppose 0 = -3*s - s + 5*y + 10, 3*s - y = 13. Suppose s*d + 21 = 4*c, -4 + 1 = d - 2*c. Let g(p) = -1 + 5*p + p**3 - 1 + 7 + 6*p**2 + 1. Determine g(d).
6
Let l(n) be the second derivative of -n**3/6 + 3*n**2 + 51*n + 1. Determine l(2).
4
Suppose -15*y = -3 - 12. Let a(x) = -11*x - 1. Give a(y).
-12
Let m be ((-12)/(-15))/((-118)/60 - -2). Let s(i) = m - 7*i - 2*i + 10*i. What is s(0)?
24
Suppose -20*k - 3*k = 23. Let m(h) = 6*h. What is m(k)?
-6
Let i(a) = 5 + 4*a - a - 1. Suppose k - 31 = z + 2, 4*k = 5*z + 167. Let r = 32 + z. Give i(r).
-5
Let c(u) = 7*u + 7. Let s(x) = -20*x - 21. Let i(y) = 11*c(y) + 4*s(y). What is i(-14)?
35
Suppose -5*o = 4*g + 6, -3*o - 2*g + 0 = 2. Let c(v) = 11 - v**o - 2 + v - 1. Suppose 0 = -36*s + 35*s. What is c(s)?
8
Let w(p) = 2*p**3 + 2*p**2 + p - 2. Let a(i) = -2*i**3 - i**2 - i + 2. Let q(k) = 4*a(k) + 5*w(k). Determine q(-4).
-38
Suppose -3*y - 14 = -3*z - 32, -2*z = -5*y + 27. Let r(s) = -y*s**2 - 6*s + 6*s**2 - s - 2. Give r(7).
-2
Let m(z) be the first derivative of -2*z + 1/3*z**3 + 0*z**2 + 18. What is m(-2)?
2
Let k(n) = -n**2 - 5*n + 1. Let i(u) = -u**2 - 1. Let y = -34 - -36. Let s(t) = y*i(t) - k(t). What is s(3)?
3
Let a(h) = 1 - 103*h - 103*h - 6 + 198*h - 2*h**2. What is a(-4)?
-5
Let a(m) = 8*m**3 + m**2 + m. Let r(n) = n**2 - n + 1. Let o(p) = -p**3 + 18*p**2 + 4*p - 23. Let y(v) = -o(v) - 3*r(v). Let l be y(21). Determine a(l).
-8
Let k(m) = -3*m + 1. Let n = 330 - 332. What is k(n)?
7
Let g(o) = -14*o - 37 + 13*o + 73 - 5*o**2 - 37. Determine g(-1).
-5
Let a = -42 + 46. Let s(j) = 2*j**2 + 3*j + 6. Let p(z) = 3*z**2 + 7*z + 11. Let x(q) = -3*p(q) + 5*s(q). What is x(a)?
-11
Suppose -4*r + 8 = 3*l, -28 = 5*l + 2*r - 18. Let j(z) = -z**2 - 2*z + 3. Determine j(l).
-5
Let k be 17/(-85) - 6*(-8)/(-10). Let b(j) = 4*j + 4. What is b(k)?
-16
Suppose -12*y = -10*y - 44. Suppose -2*c + 3 = -a, -3*a - a = 2*c + y. Let g(l) = -l + 1. Let r(o) = -5*o. Let z(f) = g(f) - r(f). Calculate z(c).
-3
Let q(g) = -g**3 + g**2 + 4. Let b(a) = a**2 + 16*a + 7. Let z be b(-12). Let p = 41 + z. Give q(p).
4
Suppose 14*v = 17*v. Suppose l + 3*c - 9 = v, -3*l - 2*c + 2 - 3 = 0. Let s(m) = 2*m**3 + 3 - m**3 - 18*m**2 + 20*m**2 - 3*m. Give s(l).
3
Let a(u) = u**3 + u + 1. Let s be (-78)/(-1) - (-8)/(-4). Let j = -78 + s. Determine a(j).
-9
Let k be 2/(-9) + (-200)/(-90). Suppose -k*b = 2*w - 2 + 4, w + 11 = 4*b. Let n(h) be the third derivative of h**5/60 - h**4/12 + h**3/6 + 4*h**2. Give n(b).
1
Let g be -7 - -7 - (-4)/2. Let h(b) = -b**g - 5 + 7*b - 3*b + 4*b - 2*b. Suppose 22 = 2*j + 2*i + 4, -2*i + 26 = 4*j. Determine h(j).
3
Let t be ((-2)/6)/(1/3). Let g = -2 - t. Let x(o) = -11*o**3 + 0*o - 12*o**3 - o**2 - o - 6*o**3 + 35*o**3. Give x(g).
-6
Let u(s) = -5*s**2 - 2*s + 12. Let g(w) = -w**2 - w + 1. Let n(x) = -6*g(x) + u(x). Let c be (-2)/((2/(-50))/(-1)). Let z = 45 + c. Give n(z).
11
Let w(f) = f**3 + 7*f**2 - 5*f + 10. Suppose -396 + 268 = 16*h. Give w(h).
-14
Let u(x) = x